 prime factors of ((-49)/(-2))/((-17)/a).
7
Let p = 27 - 26. Suppose -x = -4*m - 29, -2*m + 3*x - 8 = -p. List the prime factors of (4/m)/(2/(-148)).
37
Suppose 8876 = 2*j + 5*n - 6*n, -5*n = -20. List the prime factors of j.
2, 3, 5, 37
Let z(t) = -t**2 + 6*t + 13. Let j be z(8). Let y be 3/(-6) + j/2. What are the prime factors of (2/(-6))/(y/456)?
2, 19
Suppose -3*s + 26282 = 5*u, -7*u + 4*u + 3*s + 15750 = 0. List the prime factors of u.
2, 37, 71
List the prime factors of ((-177100)/200)/(2/(-4)).
7, 11, 23
Suppose 5*o + 3*a = 5*a + 8623, -4*a - 1703 = -o. List the prime factors of o.
11, 157
Let f = -12 + 15. Suppose f*s = 4*h, -s + 9 = 2*s - h. Let q(m) = 6*m**2 - 3*m + 2. List the prime factors of q(s).
2, 43
Let p(k) be the third derivative of k**5/60 + k**4/2 - k**3 + 3*k**2 - 31*k. List the prime factors of p(5).
79
Let u(v) = v**2 - 33*v + 34. Let g be u(32). Suppose -3*x = -2*q + 24, -2 = -4*x + 3*x. List the prime factors of (2 - (g + 1)) + q.
2, 7
What are the prime factors of (872/(-14))/((-746)/39165)?
2, 3, 5, 109
Suppose 488 = q + 2*l - 1172, 0 = -q + 5*l + 1674. Suppose -7*p + 2*p - 4*m = -q, 2*p + 3*m = 660. What are the prime factors of p?
2, 3, 7
Let s = 16380 - 10118. List the prime factors of s.
2, 31, 101
Suppose 5*a + 4 = 7*a. Suppose -c = 2*m - 39, m - a*c = 2*c + 6. Suppose -4*u + m + 98 = 0. What are the prime factors of u?
29
Let p = 9956 - 3642. List the prime factors of p.
2, 7, 11, 41
Let r(v) = v. Let g(c) = 5*c - 148. Let m(i) = -g(i) - 5*r(i). What are the prime factors of m(8)?
2, 17
Let s(a) = 3*a**3 - 6*a**2 + 18*a + 34. Let r(m) = m**3 - 2*m**2 + m. Let o(w) = -4*r(w) + s(w). What are the prime factors of o(-8)?
2, 281
What are the prime factors of 1/(-10) + ((-817569)/(-90) - 14)?
2, 5, 907
List the prime factors of (-24)/(-52) - (-8255478)/91.
2, 3, 5, 7
Suppose -28 = 3*g - 10. Let h be (-128)/g + (-16)/48. Let i = -14 + h. What are the prime factors of i?
7
Let r = 1839 - 240. List the prime factors of r.
3, 13, 41
Let s = -12 + -12. Suppose 165 = 5*y - 55. Let a = s + y. What are the prime factors of a?
2, 5
Suppose o = 8 - 5. Suppose o = 3*v - 3. Suppose 0 = 5*w + v*a - 50 - 27, 0 = -4*w - 4*a + 64. What are the prime factors of w?
3, 5
Suppose 16 + 15 = -j. Let i = 44 + j. What are the prime factors of (i*3)/(-3 - -4)?
3, 13
Let w(d) = 7687*d - 211. What are the prime factors of w(2)?
59, 257
Let r(w) = 7*w**2 - 14*w + 39. Let a be r(6). Let y(z) = -2*z**2 + 4*z - 12. Let x be y(8). Let h = a + x. List the prime factors of h.
3, 11
Let j = -8027 + 10432. List the prime factors of j.
5, 13, 37
Let n(v) = 13*v**2 - 21*v + 5. Let o(d) = 26*d**2 - 42*d + 11. Suppose -k + 20 - 27 = 0. Let j(r) = k*n(r) + 4*o(r). What are the prime factors of j(5)?
229
Suppose -3*w - t = -31205, -5*w + w - 3*t = -41610. List the prime factors of w.
3, 3467
List the prime factors of ((-1)/(-2) + 3)/(2941/490 - 6).
5, 7
Suppose 0 = -3*p + 5*h + 132723, -6*h - 176964 = -4*p - 11*h. What are the prime factors of p?
3, 14747
Let k = 25 - -8. Suppose 0 = -4*j + 4*d - 3*d - k, -41 = 5*j - d. List the prime factors of 0 + 0 - 0/j - -42.
2, 3, 7
Let g(q) = 11*q**2 + 28 + 11*q + q**3 + 36 - 49. Let t be g(-10). Suppose 0 = -4*n + t*n - 129. List the prime factors of n.
3, 43
Let k = -47 - -53. What are the prime factors of k - (0 + (-4527)/9)?
509
Suppose 3*s - j = 9981, 5711 + 7597 = 4*s + j. Suppose -25*t = -12502 + s. List the prime factors of t.
367
Let o(n) = -n**2 + 18*n - 6. Let z be o(6). Let i be (6/18*4)/(2/z). Let j = i + 51. What are the prime factors of j?
5, 19
Suppose 2*g = -3*n + 62, -n + 64 = 3*n - 2*g. Let t be ((-7)/(21/n))/(-2). Suppose 0 = -3*h + h + 3*f + 302, -5*h + 737 = -t*f. List the prime factors of h.
5, 29
Suppose 2*q + 2 - 6 = 0. Let u be -137 + (-1*q - 25/(-5)). Let t = u + 321. List the prime factors of t.
11, 17
Let k = 40813 + -20335. List the prime factors of k.
2, 3, 3413
Let l(g) be the third derivative of g**5/12 - g**4/24 + g**2. Let p(r) = -r**3 + 50*r**2 - 5*r + 249. Let h be p(50). What are the prime factors of l(h)?
2, 3
Suppose -4*v + 5*g = -1466, -141 = -3*v - g + 968. Suppose -11*w + 236 = -v. What are the prime factors of w?
5, 11
Let b be ((-186)/(-24))/31 - (-2353)/(-4). Let j = -545 - b. List the prime factors of j.
43
Let x be (-72)/(((-4)/8)/(1/3)). Suppose -2*n - x = -6*n. Suppose n*m - 32 - 1816 = 0. List the prime factors of m.
2, 7, 11
Let n = -1069 - -1589. Suppose -79*c = -78*c - n. List the prime factors of c.
2, 5, 13
Suppose 0 = -q + 5*y + 11, q - 2*y + 8 = 25. What are the prime factors of (498/(-21))/((-3)/q)?
2, 83
Suppose -25*x = 6593 - 96668. What are the prime factors of x?
3, 1201
Suppose -11*k + 13*k = 120. Suppose -k = -3*m + 174. Suppose m = 4*f - 666. List the prime factors of f.
2, 3, 31
Let h(r) = -12*r + 163. Let q be h(12). Suppose 0 = -q*y + 5003 + 32. What are the prime factors of y?
5, 53
Suppose 5 = b - 0*b. Suppose d = b*v, -d - v - 45 = -3*d. Suppose u + 5*j - 377 = -3*u, -5*j = -d. List the prime factors of u.
2, 11
Suppose -2*w = -2*o, -3*o + 8*o = -4*w. Suppose o = g - 413 - 507. What are the prime factors of g?
2, 5, 23
Let f(z) = -z**2 - 8*z - 10. Let l be f(-4). Suppose 3242 = l*g - 64. List the prime factors of g.
19, 29
Let z(j) = 1755*j + 1709. List the prime factors of z(25).
2, 7, 11, 37
Suppose 81*g = -78*g + 129*g + 615570. List the prime factors of g.
17, 71
Let u(d) = -59*d**3 - 6*d**2 + 73*d + 749. What are the prime factors of u(-9)?
19, 2243
Let m = -1805 - -1860. Let a(d) = d**2 - d + 5. Let v be a(-6). Let u = v + m. What are the prime factors of u?
2, 3, 17
Suppose -3*y = o - 34578, 8*y - 12*y = o - 34582. What are the prime factors of o?
2, 3, 7, 823
Let i = 13834 - -11129. What are the prime factors of i?
3, 53, 157
Suppose 1 + 13 = -7*u. List the prime factors of u*((-81)/(-15))/((-14)/35).
3
Let r = -615 + 1707. Suppose -224*y = -220*y - r. Suppose 0 = -2*v - 3*g + y + 256, -1339 = -5*v - 2*g. What are the prime factors of v?
269
Suppose 0 = -0*o - 3*o, m - 4*o + 13 = 0. Let a = -10 - m. Suppose -a*v = -86 - 79. List the prime factors of v.
5, 11
Let l = 1662 - 995. Let s = 1177 - l. List the prime factors of s.
2, 3, 5, 17
Suppose -3*y - 63525 = 5*f - 236989, -2*y = 4*f - 138772. List the prime factors of f.
2, 11, 19, 83
Let x = 13804 + -8036. List the prime factors of x.
2, 7, 103
Suppose -55*h = 74*h - 4241649. What are the prime factors of h?
131, 251
Suppose -j + 10814 = -3*o, j + 15*o - 10804 = 13*o. What are the prime factors of j?
2, 7, 193
Let v(b) = -2147*b - 744. What are the prime factors of v(-7)?
5, 2857
Suppose 54*l - 6 = 51*l. Suppose -l*z = -2*n - 712, 5*z + 5*n - 1187 = 613. What are the prime factors of z?
2, 179
Let f be (3 - 44/12)*2409. Let b = f - -2652. What are the prime factors of b?
2, 523
Suppose -23*m = -20*m - 9597. Suppose 362*g = 355*g + m. List the prime factors of g.
457
Suppose 0 = p + 15*d - 10*d + 18, -5*p - 10 = 5*d. Suppose -p*g - 5*h = -4*h - 1661, 2*g = -4*h + 1646. What are the prime factors of g?
7, 17
Suppose -6 - 3 = -3*j. Suppose 2 + 4 = j*n. Suppose 0 = -n*v + 77 + 79. List the prime factors of v.
2, 3, 13
Let a = 9787 + -9270. List the prime factors of a.
11, 47
Suppose 0 = -6*b + k + 139812, 4*k + 7617 = b - 15685. What are the prime factors of b?
2, 61, 191
Suppose 268 = -15*p + 75103. What are the prime factors of p?
3, 1663
Let s(i) = 16*i + 17. Let h be s(5). Suppose 3*b - 78 = b. Let n = h - b. What are the prime factors of n?
2, 29
Let v(k) = 3306*k + 283. What are the prime factors of v(5)?
17, 23, 43
Let t(g) = 2*g**2 - 7*g - 28. Let a(k) = k**2. Let u(x) = 3*a(x) - t(x). List the prime factors of u(-15).
2, 37
Let f(b) = b**3 + 17*b**2 - 11*b + 1. Suppose -4*g - 65 = -n, -g - 3*n = -8*n + 40. What are the prime factors of f(g)?
2, 7, 11
Let s be -9*148/(-3) + -2. Let j = s + -78. Suppose 0 = -4*w + j + 468. List the prime factors of w.
2, 13
Let a(i) = 3*i**3 + 25*i**2 + 12*i + 87. Let v(k) = -k**3 - 13*k**2 - 6*k - 43. Let g(n) = 2*a(n) + 5*v(n). What are the prime factors of g(17)?
3, 5, 29
Let c(t) = t**2 - 4*t - 9. Let m be c(6). Let k(f) = 7*f**2 - 2 - 2*f + 7 + m. What are the prime factors of k(3)?
5, 13
Suppose 2*c + 4*p + 725 = -3*c, 20 = -4*p. Let y = 